{"id":180,"date":"2023-04-12T10:53:59","date_gmt":"2023-04-12T08:53:59","guid":{"rendered":"https:\/\/www.ig-infrared.com\/wordpress\/?page_id=180"},"modified":"2023-04-12T11:04:26","modified_gmt":"2023-04-12T09:04:26","slug":"ueber-uns","status":"publish","type":"page","link":"https:\/\/www.ig-infrared.com\/wordpress\/ueber-uns\/","title":{"rendered":"\u00dcber uns"},"content":{"rendered":"\t\t<div data-elementor-type=\"wp-page\" data-elementor-id=\"180\" class=\"elementor elementor-180\">\n\t\t\t\t<div class=\"elementor-element elementor-element-914ec94 e-flex e-con-boxed e-con e-parent\" data-id=\"914ec94\" data-element_type=\"container\" data-core-v316-plus=\"true\">\n\t\t\t\t\t<div class=\"e-con-inner\">\n\t\t\t\t<div class=\"elementor-element elementor-element-7040824 elementor-widget elementor-widget-heading\" data-id=\"7040824\" data-element_type=\"widget\" data-widget_type=\"heading.default\">\n\t\t\t\t<div class=\"elementor-widget-container\">\n\t\t\t<style>\/*! elementor - v3.20.0 - 26-03-2024 *\/\n.elementor-heading-title{padding:0;margin:0;line-height:1}.elementor-widget-heading .elementor-heading-title[class*=elementor-size-]>a{color:inherit;font-size:inherit;line-height:inherit}.elementor-widget-heading .elementor-heading-title.elementor-size-small{font-size:15px}.elementor-widget-heading .elementor-heading-title.elementor-size-medium{font-size:19px}.elementor-widget-heading .elementor-heading-title.elementor-size-large{font-size:29px}.elementor-widget-heading .elementor-heading-title.elementor-size-xl{font-size:39px}.elementor-widget-heading .elementor-heading-title.elementor-size-xxl{font-size:59px}<\/style><h2 class=\"elementor-heading-title elementor-size-default\">\u00dcber Uns<\/h2>\t\t<\/div>\n\t\t\t\t<\/div>\n\t\t\t\t\t<\/div>\n\t\t\t\t<\/div>\n\t\t<div class=\"elementor-element elementor-element-0f09852 e-flex e-con-boxed e-con e-parent\" data-id=\"0f09852\" data-element_type=\"container\" data-core-v316-plus=\"true\">\n\t\t\t\t\t<div class=\"e-con-inner\">\n\t\t<div class=\"elementor-element elementor-element-84944e7 e-con-full e-flex e-con e-child\" data-id=\"84944e7\" data-element_type=\"container\">\n\t\t\t\t<div class=\"elementor-element elementor-element-24fecf0 elementor-widget elementor-widget-image\" data-id=\"24fecf0\" data-element_type=\"widget\" data-widget_type=\"image.default\">\n\t\t\t\t<div class=\"elementor-widget-container\">\n\t\t\t<style>\/*! elementor - v3.20.0 - 26-03-2024 *\/\n.elementor-widget-image{text-align:center}.elementor-widget-image a{display:inline-block}.elementor-widget-image a img[src$=\".svg\"]{width:48px}.elementor-widget-image img{vertical-align:middle;display:inline-block}<\/style>\t\t\t\t\t\t\t\t\t\t<img fetchpriority=\"high\" decoding=\"async\" width=\"768\" height=\"512\" src=\"https:\/\/www.ig-infrared.com\/wordpress\/wp-content\/uploads\/2023\/04\/Fotolia_69042388_XXL-768x512.jpg\" class=\"attachment-medium_large size-medium_large wp-image-21\" alt=\"\" srcset=\"https:\/\/www.ig-infrared.com\/wordpress\/wp-content\/uploads\/2023\/04\/Fotolia_69042388_XXL-768x512.jpg 768w, https:\/\/www.ig-infrared.com\/wordpress\/wp-content\/uploads\/2023\/04\/Fotolia_69042388_XXL-300x200.jpg 300w, https:\/\/www.ig-infrared.com\/wordpress\/wp-content\/uploads\/2023\/04\/Fotolia_69042388_XXL-1024x683.jpg 1024w, https:\/\/www.ig-infrared.com\/wordpress\/wp-content\/uploads\/2023\/04\/Fotolia_69042388_XXL-930x620.jpg 930w, https:\/\/www.ig-infrared.com\/wordpress\/wp-content\/uploads\/2023\/04\/Fotolia_69042388_XXL.jpg 1500w\" sizes=\"(max-width: 768px) 100vw, 768px\" \/>\t\t\t\t\t\t\t\t\t\t\t\t\t<\/div>\n\t\t\t\t<\/div>\n\t\t\t\t<div class=\"elementor-element elementor-element-63620cb elementor-widget elementor-widget-heading\" data-id=\"63620cb\" data-element_type=\"widget\" data-widget_type=\"heading.default\">\n\t\t\t\t<div class=\"elementor-widget-container\">\n\t\t\t<h3 class=\"elementor-heading-title elementor-size-default\">Vision<\/h3>\t\t<\/div>\n\t\t\t\t<\/div>\n\t\t\t\t<div class=\"elementor-element elementor-element-c33d8a2 elementor-widget-divider--view-line elementor-widget elementor-widget-divider\" data-id=\"c33d8a2\" data-element_type=\"widget\" data-widget_type=\"divider.default\">\n\t\t\t\t<div class=\"elementor-widget-container\">\n\t\t\t<style>\/*! elementor - v3.20.0 - 26-03-2024 *\/\n.elementor-widget-divider{--divider-border-style:none;--divider-border-width:1px;--divider-color:#0c0d0e;--divider-icon-size:20px;--divider-element-spacing:10px;--divider-pattern-height:24px;--divider-pattern-size:20px;--divider-pattern-url:none;--divider-pattern-repeat:repeat-x}.elementor-widget-divider .elementor-divider{display:flex}.elementor-widget-divider .elementor-divider__text{font-size:15px;line-height:1;max-width:95%}.elementor-widget-divider .elementor-divider__element{margin:0 var(--divider-element-spacing);flex-shrink:0}.elementor-widget-divider .elementor-icon{font-size:var(--divider-icon-size)}.elementor-widget-divider .elementor-divider-separator{display:flex;margin:0;direction:ltr}.elementor-widget-divider--view-line_icon .elementor-divider-separator,.elementor-widget-divider--view-line_text .elementor-divider-separator{align-items:center}.elementor-widget-divider--view-line_icon .elementor-divider-separator:after,.elementor-widget-divider--view-line_icon .elementor-divider-separator:before,.elementor-widget-divider--view-line_text .elementor-divider-separator:after,.elementor-widget-divider--view-line_text .elementor-divider-separator:before{display:block;content:\"\";border-block-end:0;flex-grow:1;border-block-start:var(--divider-border-width) var(--divider-border-style) var(--divider-color)}.elementor-widget-divider--element-align-left .elementor-divider .elementor-divider-separator>.elementor-divider__svg:first-of-type{flex-grow:0;flex-shrink:100}.elementor-widget-divider--element-align-left .elementor-divider-separator:before{content:none}.elementor-widget-divider--element-align-left .elementor-divider__element{margin-left:0}.elementor-widget-divider--element-align-right .elementor-divider .elementor-divider-separator>.elementor-divider__svg:last-of-type{flex-grow:0;flex-shrink:100}.elementor-widget-divider--element-align-right .elementor-divider-separator:after{content:none}.elementor-widget-divider--element-align-right .elementor-divider__element{margin-right:0}.elementor-widget-divider--element-align-start .elementor-divider .elementor-divider-separator>.elementor-divider__svg:first-of-type{flex-grow:0;flex-shrink:100}.elementor-widget-divider--element-align-start .elementor-divider-separator:before{content:none}.elementor-widget-divider--element-align-start .elementor-divider__element{margin-inline-start:0}.elementor-widget-divider--element-align-end .elementor-divider .elementor-divider-separator>.elementor-divider__svg:last-of-type{flex-grow:0;flex-shrink:100}.elementor-widget-divider--element-align-end .elementor-divider-separator:after{content:none}.elementor-widget-divider--element-align-end .elementor-divider__element{margin-inline-end:0}.elementor-widget-divider:not(.elementor-widget-divider--view-line_text):not(.elementor-widget-divider--view-line_icon) .elementor-divider-separator{border-block-start:var(--divider-border-width) var(--divider-border-style) var(--divider-color)}.elementor-widget-divider--separator-type-pattern{--divider-border-style:none}.elementor-widget-divider--separator-type-pattern.elementor-widget-divider--view-line .elementor-divider-separator,.elementor-widget-divider--separator-type-pattern:not(.elementor-widget-divider--view-line) .elementor-divider-separator:after,.elementor-widget-divider--separator-type-pattern:not(.elementor-widget-divider--view-line) .elementor-divider-separator:before,.elementor-widget-divider--separator-type-pattern:not([class*=elementor-widget-divider--view]) .elementor-divider-separator{width:100%;min-height:var(--divider-pattern-height);-webkit-mask-size:var(--divider-pattern-size) 100%;mask-size:var(--divider-pattern-size) 100%;-webkit-mask-repeat:var(--divider-pattern-repeat);mask-repeat:var(--divider-pattern-repeat);background-color:var(--divider-color);-webkit-mask-image:var(--divider-pattern-url);mask-image:var(--divider-pattern-url)}.elementor-widget-divider--no-spacing{--divider-pattern-size:auto}.elementor-widget-divider--bg-round{--divider-pattern-repeat:round}.rtl .elementor-widget-divider .elementor-divider__text{direction:rtl}.e-con-inner>.elementor-widget-divider,.e-con>.elementor-widget-divider{width:var(--container-widget-width,100%);--flex-grow:var(--container-widget-flex-grow)}<\/style>\t\t<div class=\"elementor-divider\">\n\t\t\t<span class=\"elementor-divider-separator\">\n\t\t\t\t\t\t<\/span>\n\t\t<\/div>\n\t\t\t\t<\/div>\n\t\t\t\t<\/div>\n\t\t\t\t<div class=\"elementor-element elementor-element-6641817 elementor-widget elementor-widget-text-editor\" data-id=\"6641817\" data-element_type=\"widget\" data-widget_type=\"text-editor.default\">\n\t\t\t\t<div class=\"elementor-widget-container\">\n\t\t\t<style>\/*! elementor - v3.20.0 - 26-03-2024 *\/\n.elementor-widget-text-editor.elementor-drop-cap-view-stacked .elementor-drop-cap{background-color:#69727d;color:#fff}.elementor-widget-text-editor.elementor-drop-cap-view-framed .elementor-drop-cap{color:#69727d;border:3px solid;background-color:transparent}.elementor-widget-text-editor:not(.elementor-drop-cap-view-default) .elementor-drop-cap{margin-top:8px}.elementor-widget-text-editor:not(.elementor-drop-cap-view-default) .elementor-drop-cap-letter{width:1em;height:1em}.elementor-widget-text-editor .elementor-drop-cap{float:left;text-align:center;line-height:1;font-size:50px}.elementor-widget-text-editor .elementor-drop-cap-letter{display:inline-block}<\/style>\t\t\t\t<p>Heizen mit Infrarot ist Standard in Geb\u00e4uden.\u00a0Dabei wird Strom vorzugsweise aus erneuerbaren Energien genutzt.<\/p><p>Im Zuge der Energiewende sind sowohl die Energieerzeugung und -verteiluna als auch die W\u00e4rmeabgabe im Geb\u00e4ude ein fester\u00a0Bestandteil ganzheitlicher Geb\u00e4udekonzepte.<\/p><p>Durch intensive Presse- und\u00a0\u00d6ffentlichkeitsarbeit ist die IG Infrarot\u00a0Informationsdrehschreibe der Branche.<\/p>\t\t\t\t\t\t<\/div>\n\t\t\t\t<\/div>\n\t\t\t\t<\/div>\n\t\t<div class=\"elementor-element elementor-element-05809cb e-con-full e-flex e-con e-child\" data-id=\"05809cb\" data-element_type=\"container\">\n\t\t\t\t<div class=\"elementor-element elementor-element-66a633f elementor-widget elementor-widget-image\" data-id=\"66a633f\" data-element_type=\"widget\" data-widget_type=\"image.default\">\n\t\t\t\t<div class=\"elementor-widget-container\">\n\t\t\t\t\t\t\t\t\t\t\t\t\t<img decoding=\"async\" width=\"768\" height=\"512\" src=\"https:\/\/www.ig-infrared.com\/wordpress\/wp-content\/uploads\/2023\/04\/Heizung-mitDigitaldruck-768x512.jpg\" class=\"attachment-medium_large size-medium_large wp-image-24\" alt=\"\" srcset=\"https:\/\/www.ig-infrared.com\/wordpress\/wp-content\/uploads\/2023\/04\/Heizung-mitDigitaldruck-768x512.jpg 768w, https:\/\/www.ig-infrared.com\/wordpress\/wp-content\/uploads\/2023\/04\/Heizung-mitDigitaldruck-300x200.jpg 300w, https:\/\/www.ig-infrared.com\/wordpress\/wp-content\/uploads\/2023\/04\/Heizung-mitDigitaldruck-930x620.jpg 930w, https:\/\/www.ig-infrared.com\/wordpress\/wp-content\/uploads\/2023\/04\/Heizung-mitDigitaldruck.jpg 1024w\" sizes=\"(max-width: 768px) 100vw, 768px\" \/>\t\t\t\t\t\t\t\t\t\t\t\t\t<\/div>\n\t\t\t\t<\/div>\n\t\t\t\t<div class=\"elementor-element elementor-element-972ae2a elementor-widget elementor-widget-heading\" data-id=\"972ae2a\" data-element_type=\"widget\" data-widget_type=\"heading.default\">\n\t\t\t\t<div class=\"elementor-widget-container\">\n\t\t\t<h3 class=\"elementor-heading-title elementor-size-default\">Mission<\/h3>\t\t<\/div>\n\t\t\t\t<\/div>\n\t\t\t\t<div class=\"elementor-element elementor-element-4eccf3c elementor-widget-divider--view-line elementor-widget elementor-widget-divider\" data-id=\"4eccf3c\" data-element_type=\"widget\" data-widget_type=\"divider.default\">\n\t\t\t\t<div class=\"elementor-widget-container\">\n\t\t\t\t\t<div class=\"elementor-divider\">\n\t\t\t<span class=\"elementor-divider-separator\">\n\t\t\t\t\t\t<\/span>\n\t\t<\/div>\n\t\t\t\t<\/div>\n\t\t\t\t<\/div>\n\t\t\t\t<div class=\"elementor-element elementor-element-7428014 elementor-widget elementor-widget-text-editor\" data-id=\"7428014\" data-element_type=\"widget\" data-widget_type=\"text-editor.default\">\n\t\t\t\t<div class=\"elementor-widget-container\">\n\t\t\t\t\t\t\t<p>Durch die Vernetzung der europ\u00e4ischen Infrarotheizungshersteller k\u00f6nnen wir den Interessenten obiektive und fundierte Informationen bereitstellen und so die Infrarotheizung im Markt etablieren und festigen.<\/p><p>Dar\u00fcber hinaus arbeiten wir an einer gemeinsamen Position, um als<\/p><p>Interessenvertretung auch in der Politik wahrgenommen zu werden und auf die Rahmenbedingungen einwirken zu k\u00f6nnen.<\/p>\t\t\t\t\t\t<\/div>\n\t\t\t\t<\/div>\n\t\t\t\t<\/div>\n\t\t<div class=\"elementor-element elementor-element-b6b4dad e-con-full e-flex e-con e-child\" data-id=\"b6b4dad\" data-element_type=\"container\">\n\t\t\t\t<div class=\"elementor-element elementor-element-f6b6135 elementor-widget elementor-widget-image\" data-id=\"f6b6135\" data-element_type=\"widget\" data-widget_type=\"image.default\">\n\t\t\t\t<div class=\"elementor-widget-container\">\n\t\t\t\t\t\t\t\t\t\t\t\t\t<img decoding=\"async\" width=\"768\" height=\"512\" src=\"https:\/\/www.ig-infrared.com\/wordpress\/wp-content\/uploads\/2023\/04\/Vitramo-GmbH-Infrarotheizung-II-768x512.jpg\" class=\"attachment-medium_large size-medium_large wp-image-34\" alt=\"\" srcset=\"https:\/\/www.ig-infrared.com\/wordpress\/wp-content\/uploads\/2023\/04\/Vitramo-GmbH-Infrarotheizung-II-768x512.jpg 768w, https:\/\/www.ig-infrared.com\/wordpress\/wp-content\/uploads\/2023\/04\/Vitramo-GmbH-Infrarotheizung-II-300x200.jpg 300w, https:\/\/www.ig-infrared.com\/wordpress\/wp-content\/uploads\/2023\/04\/Vitramo-GmbH-Infrarotheizung-II-1024x683.jpg 1024w, https:\/\/www.ig-infrared.com\/wordpress\/wp-content\/uploads\/2023\/04\/Vitramo-GmbH-Infrarotheizung-II-930x620.jpg 930w, https:\/\/www.ig-infrared.com\/wordpress\/wp-content\/uploads\/2023\/04\/Vitramo-GmbH-Infrarotheizung-II.jpg 1500w\" sizes=\"(max-width: 768px) 100vw, 768px\" \/>\t\t\t\t\t\t\t\t\t\t\t\t\t<\/div>\n\t\t\t\t<\/div>\n\t\t\t\t<div class=\"elementor-element elementor-element-a5d0eb5 elementor-widget elementor-widget-heading\" data-id=\"a5d0eb5\" data-element_type=\"widget\" data-widget_type=\"heading.default\">\n\t\t\t\t<div class=\"elementor-widget-container\">\n\t\t\t<h3 class=\"elementor-heading-title elementor-size-default\">Aufgaben & Ziele<\/h3>\t\t<\/div>\n\t\t\t\t<\/div>\n\t\t\t\t<div class=\"elementor-element elementor-element-273a579 elementor-widget-divider--view-line elementor-widget elementor-widget-divider\" data-id=\"273a579\" data-element_type=\"widget\" data-widget_type=\"divider.default\">\n\t\t\t\t<div class=\"elementor-widget-container\">\n\t\t\t\t\t<div class=\"elementor-divider\">\n\t\t\t<span class=\"elementor-divider-separator\">\n\t\t\t\t\t\t<\/span>\n\t\t<\/div>\n\t\t\t\t<\/div>\n\t\t\t\t<\/div>\n\t\t\t\t<div class=\"elementor-element elementor-element-704a4a6 elementor-widget elementor-widget-text-editor\" data-id=\"704a4a6\" data-element_type=\"widget\" data-widget_type=\"text-editor.default\">\n\t\t\t\t<div class=\"elementor-widget-container\">\n\t\t\t\t\t\t\t<p>Wir wollen<\/p><ul><li>\u00fcber das Thema Infrarotheizung aufkl\u00e4ren und beraten<\/li><li>Anwendungs- und Auslegungsrichtlinien<br \/>entwickeln<\/li><li>Qualit\u00e4tsstandards f\u00fcr Mitglieder setzen und \u00fcberwachen<\/li><li>Normungsprozesse begleiten<\/li><li>Forschungsarbeiten unterst\u00fctzen und mit<br \/>Experten kooperieren<\/li><li>mit angrenzenden Branchen wie Solarstrom<br \/>zusammenarbeiten<\/li><li>ganzheitliche Geb\u00e4udekonzepte entwickeln<\/li><li>Plattform f\u00fcr Endkunden, Architekten und Planer sein<\/li><li>Ansprechpartner f\u00fcr Medien, \u00c4mter und Politik sein<\/li><\/ul>\t\t\t\t\t\t<\/div>\n\t\t\t\t<\/div>\n\t\t\t\t<\/div>\n\t\t\t\t\t<\/div>\n\t\t\t\t<\/div>\n\t\t<div class=\"elementor-element elementor-element-5e64a69 e-flex e-con-boxed e-con e-parent\" data-id=\"5e64a69\" data-element_type=\"container\" data-core-v316-plus=\"true\">\n\t\t\t\t\t<div class=\"e-con-inner\">\n\t\t\t\t\t<\/div>\n\t\t\t\t<\/div>\n\t\t\t\t<\/div>\n\t\t","protected":false},"excerpt":{"rendered":"<p>\u00dcber Uns Vision Heizen mit Infrarot ist Standard in Geb\u00e4uden.\u00a0Dabei wird Strom vorzugsweise aus erneuerbaren Energien genutzt. Im Zuge der Energiewende sind sowohl die Energieerzeugung und -verteiluna als auch die W\u00e4rmeabgabe im Geb\u00e4ude ein fester\u00a0Bestandteil ganzheitlicher Geb\u00e4udekonzepte. Durch intensive Presse- und\u00a0\u00d6ffentlichkeitsarbeit ist die IG Infrarot\u00a0Informationsdrehschreibe der Branche. Mission Durch die Vernetzung der europ\u00e4ischen Infrarotheizungshersteller k\u00f6nnen [&hellip;]<\/p>\n","protected":false},"author":1,"featured_media":0,"parent":0,"menu_order":0,"comment_status":"closed","ping_status":"closed","template":"","meta":{"footnotes":""},"class_list":["post-180","page","type-page","status-publish","hentry"],"_links":{"self":[{"href":"https:\/\/www.ig-infrared.com\/wordpress\/wp-json\/wp\/v2\/pages\/180","targetHints":{"allow":["GET"]}}],"collection":[{"href":"https:\/\/www.ig-infrared.com\/wordpress\/wp-json\/wp\/v2\/pages"}],"about":[{"href":"https:\/\/www.ig-infrared.com\/wordpress\/wp-json\/wp\/v2\/types\/page"}],"author":[{"embeddable":true,"href":"https:\/\/www.ig-infrared.com\/wordpress\/wp-json\/wp\/v2\/users\/1"}],"replies":[{"embeddable":true,"href":"https:\/\/www.ig-infrared.com\/wordpress\/wp-json\/wp\/v2\/comments?post=180"}],"version-history":[{"count":4,"href":"https:\/\/www.ig-infrared.com\/wordpress\/wp-json\/wp\/v2\/pages\/180\/revisions"}],"predecessor-version":[{"id":184,"href":"https:\/\/www.ig-infrared.com\/wordpress\/wp-json\/wp\/v2\/pages\/180\/revisions\/184"}],"wp:attachment":[{"href":"https:\/\/www.ig-infrared.com\/wordpress\/wp-json\/wp\/v2\/media?parent=180"}],"curies":[{"name":"wp","href":"https:\/\/api.w.org\/{rel}","templated":true}]}}